r - 20 - 15 = 0. Suppose 0 = 5*b + l*f - 3*f - 773, -f = 2*b - 310. List the prime factors of b.
3, 17
Let v = -2823 - -5129. What are the prime factors of v?
2, 1153
Let h = 2121 - 1208. What are the prime factors of h?
11, 83
Suppose -3*h - 836 = -5*y, 2*h - 48 = -y + 114. Let r = y + -2. List the prime factors of r.
2, 41
Let z be 8/12 - (-194)/(-3). Let b = z + 93. What are the prime factors of b?
29
Let y(n) be the first derivative of -n**4/4 + n**3/3 + 3*n**2/2 + 3*n + 7. Let p be y(-3). List the prime factors of -1 + p + 4/4.
2, 3, 5
Let p = 176 - 124. Suppose 19*j = 18*j + p. List the prime factors of j.
2, 13
Suppose 4053 = 4*r + q, -5*r + 5973 = -q + 900. What are the prime factors of r?
2, 3, 13
Suppose 0 = -18*m + 4*m + 10864. List the prime factors of m.
2, 97
Let n(u) = u**3 + 12*u**2 - 13*u + 8. Let q be n(-13). Let h be ((-6)/9)/(q/12). Let f = 43 + h. List the prime factors of f.
2, 3, 7
Let u be (2 - (-1)/5) + 1/(-5). List the prime factors of u - -49 - (2 + -4).
53
Suppose -6*l = l. Suppose -5*b - y + 312 + 141 = 0, l = -b - 3*y + 99. What are the prime factors of b?
2, 3, 5
Let y = 1387 - 775. List the prime factors of y.
2, 3, 17
Let r(b) = 6*b**2 + 7*b - 70. What are the prime factors of r(-11)?
3, 193
Let m(r) = 3 - 3*r**2 - 5*r + 4*r**2 + 6 - 1. List the prime factors of m(7).
2, 11
Let s = -36 + -47. Let q = 160 + s. List the prime factors of q.
7, 11
What are the prime factors of (-25734)/(-16) - (-30)/(-80)?
2, 3, 67
Let s be (1 + 10/8)*8/6. Suppose -2*m + 15 = -s. List the prime factors of m.
3
Suppose 0 = 7*w - 1381 - 159. Let h = w + -114. What are the prime factors of h?
2, 53
Let u(z) = -2*z**2 - 13*z - 8. Let r(o) = -o**2 - o. Let a(c) = c**2 - 6*c + 4. Let v be a(5). Let i(w) = v*u(w) + 3*r(w). What are the prime factors of i(6)?
2
Let d be (-8)/(-3)*3/(-2). Let l(s) = -s**3 - 4*s - 6. List the prime factors of l(d).
2, 37
Let o(s) = -s**3 + 12*s**2 + 3*s - 22. Let i be o(12). Suppose 7 = 2*z + 3*n, -5*z - n = -64 + i. List the prime factors of z.
11
List the prime factors of 5800/12 + 11/(-33).
3, 7, 23
Suppose -7736 = -13*o + 8917. List the prime factors of o.
3, 7, 61
Let m(c) = 45*c**3 + c**2 - 2*c - 2. What are the prime factors of m(2)?
2, 179
Suppose 0*l = 5*s + 4*l - 251, 3*l = -3. Suppose 0 = 2*o - s - 31. List the prime factors of o.
41
Suppose -8*m + 4*m = -276. Let g be m + 3/(-3 - 0). Suppose 3*q - 7*u + 3*u = g, -4*u - 28 = -q. What are the prime factors of q?
2, 5
Let h = -30 - -160. Suppose 2*i = l - h, -156 - 223 = -3*l - 5*i. What are the prime factors of l?
2
Suppose 7 = c + 3. Let i(u) = -c*u - 5*u + 6 + 4*u. List the prime factors of i(-4).
2, 13
Let q be (-8)/(-32) - (1 - (-33)/(-12)). Let g be 4 + -1 + -1 + 1. Suppose 4*d + 5*o = 65, 3*o - 57 = -g*d + q*o. What are the prime factors of d?
2, 5
Let c be 3/(1 + (-4)/10). Suppose -4*k + 73 = g - 5*k, -3*g - c*k + 235 = 0. List the prime factors of g.
3, 5
Let w be (-5)/2*28/(-10). Let k = 35 - w. Suppose 0 = 3*b - 71 - k. List the prime factors of b.
3, 11
Let k = 322 - 185. Suppose -3*s + k = -22. What are the prime factors of s?
53
Let h = 1431 - 136. List the prime factors of h.
5, 7, 37
Let m = 114 - 106. Suppose -3*z - m = 7, -5*o = -z - 760. What are the prime factors of o?
151
Suppose 0*t + t = 0. Suppose t = 5*i, -4*o = -i - 18 + 6. Let u = o - -3. What are the prime factors of u?
2, 3
Let u(w) = -w - 13. Let q be u(-4). Let i be 186/9 + 6/q. Suppose -10 = -3*b + i. List the prime factors of b.
2, 5
Let p = 6378 + -4464. What are the prime factors of p?
2, 3, 11, 29
Suppose 4*r - 14 = 2*y, -2*y = -3*r + 13 - 3. Let z(d) = d**3 + 4*d**2 - 2*d + 9. List the prime factors of z(r).
3, 43
Let t = 20 - -13. Let w = -8 + t. What are the prime factors of w?
5
Suppose -6*o + 16 = w - 4*o, -3*o + 15 = 0. List the prime factors of ((-248)/w)/((-1)/3).
2, 31
Let l be 21/(-9) - (-14)/(-21). Let k be 3 - (l + 4) - -4. Suppose -5*b + k*b - 65 = 0. List the prime factors of b.
5, 13
Let h be (-19)/(4*(-2)/(-16)). Suppose 5*u + 306 = -84. Let q = h - u. What are the prime factors of q?
2, 5
Suppose 3*z - 479 = 844. Let o = z - 255. List the prime factors of o.
2, 3, 31
Let s(i) = -2*i**2 + 14*i. Let l be s(7). Suppose 4*a = l, -6*y + 508 = -2*y + 5*a. List the prime factors of y.
127
Suppose -2*s + 4*w = -1340, 2*s - 2*w = -3*s + 3326. Suppose 0*a + s = 4*a. List the prime factors of a.
2, 83
Let w be 32/112 + 1 + (-18)/14. Suppose -2*v - 4*p + 23 + 49 = w, 64 = 3*v - 5*p. What are the prime factors of v?
2, 7
Suppose -3*z - h = -z - 3220, 4*z = -3*h + 6440. What are the prime factors of z?
2, 5, 7, 23
What are the prime factors of 24/108 + (-10821)/(-27)?
401
Let n = -22 - -15. Let a(r) = 1 - r**2 + 5*r + 2*r**2 + 5. List the prime factors of a(n).
2, 5
Suppose -2*h = -7*h + 15. Suppose -3*q = -5*w + 6, -3*q - 7 + 1 = w. Let p = h - w. List the prime factors of p.
3
Suppose 4*d = -4*g - 8, d + 3*d - 22 = 2*g. Let o(k) = -15*k + k**d + 3 + 16*k**2 + 15*k. What are the prime factors of o(-16)?
3
What are the prime factors of -1345*(-10)/20*2?
5, 269
Let q = 542 + -287. Suppose 7*x = 2*x + q. List the prime factors of x.
3, 17
Let p(b) = 1152*b**2 - 7*b + 8. List the prime factors of p(1).
1153
Let f = -5424 - -8215. List the prime factors of f.
2791
List the prime factors of ((-30)/12 - -3)*790.
5, 79
Suppose -5*s + 4116 = 7*s. List the prime factors of s.
7
Let f(y) = -4*y + 12. Let d(r) = 8*r - 24. Let t(i) = 6*d(i) + 11*f(i). Let o be t(8). Suppose -23*s + 75 = -o*s. What are the prime factors of s?
5
Let r be 86/(-18) - 6/27. Let x be r/(-10) - (-10)/4. Suppose -3*j = x*k - 129, 0 = -k - k - j + 90. What are the prime factors of k?
47
Let s = -2596 + 4656. List the prime factors of s.
2, 5, 103
Suppose 0 = 2*z - 4 - 0. Let o = 30 + z. Let f = o - -1. What are the prime factors of f?
3, 11
Suppose 2159 + 5050 = 9*l. List the prime factors of l.
3, 89
Suppose 0 = -3*x - 3*p + 528, -x + 194 = 8*p - 13*p. List the prime factors of x.
179
Suppose 22*p + 4*s - 6268 = 20*p, -4*p - s = -12571. What are the prime factors of p?
2, 3, 131
Let g = 199 + -49. List the prime factors of g.
2, 3, 5
Suppose -80*o + 197703 - 29383 = 0. What are the prime factors of o?
2, 263
Let l = -6 + 8. Suppose -56 = -2*q - l*q. Suppose -2*o + q + 10 = 0. What are the prime factors of o?
2, 3
Let k = 18 - 12. Let n be k/2 + (-5 - -5). Suppose -87 = -3*q - 3*s, 5*s = -n*q + 21 + 72. List the prime factors of q.
2, 13
Suppose -4*v - 2 = 5*j - 0*v, 3*v + 9 = 0. List the prime factors of (-3 + 2)/(0 - j/432).
2, 3
Let i = 6712 - 2705. List the prime factors of i.
4007
Let k = -57 + 83. Let d be (4/(-5))/(8/(-580)). Let y = d - k. What are the prime factors of y?
2
Let v = 29 - 27. Suppose -v*u + 3*u + f = 35, u = 3*f + 47. What are the prime factors of u?
2, 19
Let k(a) = -17*a - 33. What are the prime factors of k(-8)?
103
Suppose -5*v = -7*v + 6. Let s be 1*(6 - v) - -80. Let x = 121 - s. List the prime factors of x.
2, 19
Suppose -n + 26 = -0. Suppose -n*q + 522 = -20*q. List the prime factors of q.
3, 29
Let w(k) = 10 - 6*k + 59*k**2 - 3 - 57*k**2. Let o be w(3). Let b = -4 + o. What are the prime factors of b?
3
Suppose 406 = 2*p + 5*p. Suppose -2*l - p = -3*l + 3*s, -4*s = -5*l + 312. What are the prime factors of l?
2
Suppose 0 = p - 4, 2*y = 2*p - 3*p + 516. What are the prime factors of y?
2
Let u(s) = -s**3 - 10*s**2 + 5*s. Let g be u(-9). What are the prime factors of (9 + 3)*g/(-24)?
3, 7
Suppose 52 = 4*c + 20. What are the prime factors of (-26702)/(-104) - (-2)/c?
257
Let x(y) = y**3 - 14*y**2 - 6*y + 51. What are the prime factors of x(15)?
2, 3, 31
Let v = -14 + 20. Suppose 14*p - 11*p = v. Let x(b) = 6*b**3 + b**2 - 2*b. What are the prime factors of x(p)?
2, 3
Let h(s) = -2*s**3 + 2*s**2 + 5*s + 5. Let f = 56 - 58. What are the prime factors of h(f)?
19
List the prime factors of (-339)/(4/(-4)) + 2.
11, 31
Let z = -67 - -116. Let l = z - -74. List the prime factors of l.
3, 41
Let v(j) = -3*j**3 + j**2 + 2*j + 9. List the prime factors of v(-4).
11, 19
Let w be 3 + (4 + -4)/3. List the prime factors of (w*5)/((-24)/(-176)).
2, 5, 11
What are the prime factors of 2/7 + 52050/350?
149
Let f be 4/(-2) - (-7 - -7). What are the prime factors of (7 - 2564/(-12)) 